?
113003
In base 9, what is 5 + 16337?
16343
In base 9, what is -14 + -1786?
-1811
In base 2, what is 1011000 + 100110100?
110001100
In base 5, what is 212044231 + -4?
212044222
In base 11, what is -2834 - -76?
-2769
In base 11, what is -243 - -58?
-196
In base 5, what is 10 + 4021240?
4021300
In base 11, what is 161828 + 3?
161830
In base 7, what is 235064 - 12?
235052
In base 5, what is -1032403 - -110?
-1032243
In base 12, what is 15b2a + b?
15b39
In base 2, what is 11110 - 10000110010110?
-10000101111000
In base 10, what is 59749 - 79?
59670
In base 12, what is -204 - -126?
-9a
In base 12, what is 1a454 - 13?
1a441
In base 13, what is c7679 - -7?
c7683
In base 4, what is 22 - 233120?
-233032
In base 5, what is -1302 + 21423?
20121
In base 8, what is 171574 - 5?
171567
In base 14, what is -13034 + 4?
-13030
In base 11, what is 9970 + 1?
9971
In base 2, what is -1000000101111 + 11?
-1000000101100
In base 6, what is 20532 - -14?
20550
In base 16, what is 2d + -123?
-f6
In base 16, what is -5 + -33585?
-3358a
In base 3, what is -11020 + -211012212?
-211101002
In base 2, what is 100110111111100 - -1011?
100111000000111
In base 8, what is -220 + -115243?
-115463
In base 3, what is 2210011 - -101?
2210112
In base 13, what is -175 + -617?
-78c
In base 3, what is -12 - -1112101?
1112012
In base 13, what is 5 + -7481c?
-74817
In base 13, what is -270c1 + 3?
-270bb
In base 8, what is -236 + 155?
-61
In base 15, what is bb2 + -58?
b59
In base 5, what is -12 + -2412134?
-2412201
In base 11, what is -10074 + -76?
-1013a
In base 15, what is -16c + 2045?
1dc8
In base 2, what is 1100010110 + 1?
1100010111
In base 9, what is 5 - -41137?
41143
In base 14, what is 76 + 1a1?
237
In base 3, what is 1022 + 2020?
10112
In base 11, what is 2 + -147a9?
-147a7
In base 4, what is 1122003 - 113?
1121230
In base 16, what is -2dac3 + 5?
-2dabe
In base 5, what is 1000 - -2231?
3231
In base 11, what is -32 - 2a486?
-2a508
In base 7, what is -14254 - 1?
-14255
In base 14, what is -694 - -299?
-3d9
In base 14, what is 6050 - 2?
604c
In base 14, what is -1 - -58214?
58213
In base 13, what is 25 - -ab06?
ab2b
In base 13, what is 335757 - 1?
335756
In base 5, what is -24 + 0?
-24
In base 11, what is 173796 + 5?
1737a0
In base 5, what is 4 - 1123?
-1114
In base 2, what is 100 + -101000001110011?
-101000001101111
In base 15, what is -136 + -2c?
-163
In base 5, what is 42130 + -11?
42114
In base 4, what is 31013 + 303?
31322
In base 4, what is -21211 + 233?
-20312
In base 10, what is 2879326 + -2?
2879324
In base 4, what is 1 - 10100332?
-10100331
In base 9, what is -1 + 146813?
146812
In base 16, what is ef65 - 5e?
ef07
In base 10, what is -5 - -13305?
13300
In base 9, what is -1832 + 84?
-1737
In base 14, what is 7 - 84d2?
-84c9
In base 10, what is 222003 + 2?
222005
In base 9, what is 64 + 8354?
8428
In base 12, what is 33118 + -4?
33114
In base 3, what is -112121 + 10001?
-102120
In base 13, what is -1c3b4 - -5?
-1c3ac
In base 6, what is 21 - 12335?
-12314
In base 12, what is -18923 + -4?
-18927
In base 6, what is -34153551 + -3?
-34153554
In base 2, what is -1001000110 - 1010001?
-1010010111
In base 8, what is 317 + 4?
323
In base 12, what is 1125 - -118?
1241
In base 5, what is 3002 + 33?
3040
In base 13, what is -381 + 35?
-349
In base 6, what is -4 - 33204?
-33212
In base 16, what is ac130 - 5?
ac12b
In base 6, what is 50351 - -13?
50404
In base 10, what is -3 + 3911?
3908
In base 4, what is 11333 - 120?
11213
In base 8, what is -5 - 31144?
-31151
In base 14, what is -4 + -378?
-37c
In base 12, what is -953b3 - -15?
-9539a
In base 4, what is -3333100200 + 11?
-3333100123
In base 9, what is -78 - -5815?
5726
In base 3, what is 2 + -11110012?
-11110010
In base 16, what is 2 + 1ede7?
1ede9
In base 11, what is 331389 + -1?
331388
In base 13, what is -2cc07 - 0?
-2cc07
In base 12, what is -50b2 - -3a?
-5074
In base 3, what is -10121021211 + -22?
-10121022010
In base 13, what is -213 - -1?
-212
In base 15, what is -39728 - 15?
-3973d
In base 16, what is -b - 658c?
-6597
In base 5, what is 2331304 + -321?
2330433
In base 14, what is 115 + 943?
a58
In base 8, what is -2353 - -51?
-2302
In base 6, what is -3 + 354035?
354032
In base 6, what is -14414 - 35?
-14453
In base 12, what is 9b2 + -63?
94b
In base 7, what is -1 + 103231?
103230
In base 10, what is 4406 - -54?
4460
In base 6, what is -12 - -10415?
10403
In base 13, what is 28775 - 1?
28774
In base 15, what is 265 - -e?
274
In base 10, what is 5895 - -16?
5911
In base 4, what is 11323 - -333?
12322
In base 2, what is -11110001111111101011100 + -10?
-11110001111111101011110
In base 11, what is 190507 - -16?
190522
In base 15, what is -9034 + 5?
-902e
In base 7, what is -4451 - 332?
-5113
In base 11, what is 0 - -10a171?
10a171
In base 7, what is 34002 - -4?
34006
In base 14, what is 1 + -964c7?
-964c6
In base 12, what is 1 + -2807b?
-2807a
In base 14, what is 7325 + -1?
7324
In base 2, what is 100 + -1010111001?
-1010110101
In base 13, what is 14c3 + b2?
15a5
In base 12, what is 263 + 170?
413
In base 15, what is a245 + 2?
a247
In base 3, what is -10 - 22101200?
-22101210
In base 7, what is 5 + -463533?
-463525
In base 10, what is 4 - -412588?
412592
In base 7, what is 260 + -531?
-241
In base 2, what is 110010010 - -100001000101?
100111010111
In base 2, what is -110100101 - 110010101111?
-111001010100
In base 16, what is -4036 + 0?
-4036
In base 14, what is -2056 - -3?
-2053
In base 6, what is 11325 - 24?
11301
In base 4, what is 102 - 1200?
-1032
In base 10, what is -1 - 202239?
-202240
In base 14, what is -3 - 1982c?
-19831
In base 8, what is -357277 + -4?
-357303
In base 14, what is 0 + b607?
b607
In base 5, what is -21 - 223104?
-223130
In base 2, what is 111101000101 - 1010?
111100111011
In base 2, what is -1001 + 1111110000101?
1111101111100
In base 5, what is 3243413 - 0?
3243413
In base 7, what is 10 + 123502?
123512
In base 12, what is -3 - 1782a?
-17831
In base 10, what is 680766 - 4?
680762
In base 11, what is -4736 - 29?
-4764
In base 8, what is -100 + -11?
-111
In base 16, what is -140 - -531?
3f1
In base 11, what is a4 - -1136?
122a
In base 15, what is 3 + -19b10?
-19b0c
In base 9, what is -3785 - 872?
-4767
In base 16, what is 5e + 330?
38e
In base 10, what is 13610 + -9?
13601
In base 6, what is 1032535 + 5?
1032544
In base 13, what is 31 + -103?
-a2
In base 11, what is 8 - 1276?
-1269
In base 15, what is -5 + 2ba4e?
2ba49
In base 8, what is 6402 - -7?
6411
In base 2, what is 1111001110 - 101100?
1110100010
In base 11, what is 20 + 5960?
5980
In base 12, what is 7 - 7398?
-7391
In base 5, what is 42 + 30000?
30042
In base 7, what is -13123 + 1200?
-11623
In base 6, what is 100155 - 4?
100151
In base 7, what is -31 + -51241?
-51302
In base 15, what is 10 - -820?
830
In base 7, what is 4 + 1125131?
1125135
In base 12, what is -5a8 - 257?
-843
In base 9, what is 180021 + -5?
180015
In base 10, what is -54 - 765?
-819
In base 6, what is -113105501 + -3?
-113105504
In base 2, what is -101110 + 11001110100?
11001000110
In base 2, what is 10111 + 11011011111?
11011110110
In base 10, what is 615 + -1066?
-451
In base 8, what is -3445 + -341?
-4006
In base 3, what is -2202001 - -10100?
-2121201
In base 9, what is 1 + 1022137?
1022138
In base 4, what is -30032 - -302012?
211320
In base 13, what is 44857 + -a?
4484a
In base 2, what is 11011000010001110011 + -100?
11011000010001101111
In base 8, what is 263 - -33?
316
In base 16, what is -3 - 2f10e?
-2f111
In base 9, what is -1008 - -186?
-712
In base 6, what is 0 - 15001000?
-15001000
In base 16, what is -12 + -2c38?
-2c4a
In base 8, what is -424541 - 5?
-424546
In base 16, what is f8e - 5?
f89
In base 9, what is -228208 + -1?
-228210
In base 6, what is -2005035 - 121?
-2005200
In base 5, what is 11 - -132440?
133001
In base 7, what is -103 - 16661?
-20064
In base 7, what is 16660 - -3?
16663
In base 8, what is -522771 - -4?
-522765
In base 15, what is 12 - -1447?
1459
In base 2, what is 111111000 - 11010000010?
-10010001010
In base 2, what is -11101100 - 110010011?
-1001111111
In base 8, what is -12007 - -7?
-12000
In base 9, what is -72213 + 2?
-72211
In base 6, what is 223420 + -3?
223413
In base 11, what is -3a + 53935?
538a6
In base 9, what is 164 - 1218?
-104